 is the thousands digit of 11071639?
1
What is the units digit of 308858?
8
What is the units digit of 377670?
0
What is the hundreds digit of 745709?
7
What is the hundred thousands digit of 316538?
3
What is the tens digit of 954312?
1
What is the hundreds digit of 510362?
3
What is the hundreds digit of 2123824?
8
What is the hundred thousands digit of 4054239?
0
What is the units digit of 28671302?
2
What is the thousands digit of 2247066?
7
What is the thousands digit of 1192131?
2
What is the hundreds digit of 24084956?
9
What is the hundred thousands digit of 111816?
1
What is the hundreds digit of 581459?
4
What is the ten thousands digit of 11434690?
3
What is the tens digit of 1706266?
6
What is the units digit of 6734743?
3
What is the hundreds digit of 271029?
0
What is the thousands digit of 3077918?
7
What is the millions digit of 1002727?
1
What is the ten thousands digit of 192098?
9
What is the thousands digit of 11978115?
8
What is the tens digit of 96042?
4
What is the ten thousands digit of 7706218?
0
What is the hundreds digit of 1162593?
5
What is the hundreds digit of 996353?
3
What is the thousands digit of 389976?
9
What is the ten thousands digit of 1052080?
5
What is the thousands digit of 12140386?
0
What is the hundreds digit of 726849?
8
What is the ten thousands digit of 2394916?
9
What is the units digit of 99862?
2
What is the hundreds digit of 1946292?
2
What is the hundred thousands digit of 3860189?
8
What is the units digit of 1276163?
3
What is the units digit of 640224?
4
What is the hundreds digit of 674055?
0
What is the ten thousands digit of 3348366?
4
What is the tens digit of 170278?
7
What is the ten thousands digit of 4600372?
0
What is the hundreds digit of 4947287?
2
What is the hundreds digit of 90257?
2
What is the hundred thousands digit of 582558?
5
What is the hundreds digit of 56945?
9
What is the hundreds digit of 15621453?
4
What is the ten thousands digit of 112575?
1
What is the hundred thousands digit of 740426?
7
What is the units digit of 2197868?
8
What is the millions digit of 7282181?
7
What is the thousands digit of 2357295?
7
What is the millions digit of 2807107?
2
What is the tens digit of 10060379?
7
What is the hundreds digit of 72700?
7
What is the tens digit of 9140561?
6
What is the millions digit of 19865064?
9
What is the thousands digit of 40650?
0
What is the tens digit of 3658293?
9
What is the units digit of 1130036?
6
What is the millions digit of 3232603?
3
What is the units digit of 158100?
0
What is the ten thousands digit of 442560?
4
What is the millions digit of 20166084?
0
What is the ten thousands digit of 4110996?
1
What is the tens digit of 487732?
3
What is the millions digit of 19211667?
9
What is the units digit of 18874238?
8
What is the tens digit of 635606?
0
What is the hundreds digit of 223078?
0
What is the hundreds digit of 40247?
2
What is the tens digit of 1446152?
5
What is the hundreds digit of 1783572?
5
What is the thousands digit of 8687196?
7
What is the hundreds digit of 4812914?
9
What is the tens digit of 820011?
1
What is the thousands digit of 310283?
0
What is the millions digit of 14603299?
4
What is the hundreds digit of 9727?
7
What is the thousands digit of 6282839?
2
What is the tens digit of 127003?
0
What is the hundreds digit of 518191?
1
What is the units digit of 175051?
1
What is the thousands digit of 2593746?
3
What is the thousands digit of 134082?
4
What is the ten thousands digit of 15937181?
3
What is the tens digit of 2036628?
2
What is the tens digit of 154164?
6
What is the thousands digit of 8781947?
1
What is the ten thousands digit of 1907311?
0
What is the tens digit of 475104?
0
What is the units digit of 15268458?
8
What is the hundreds digit of 6964502?
5
What is the ten thousands digit of 433133?
3
What is the tens digit of 470868?
6
What is the tens digit of 5900469?
6
What is the ten thousands digit of 116181?
1
What is the thousands digit of 288595?
8
What is the millions digit of 19446053?
9
What is the tens digit of 407877?
7
What is the tens digit of 6835834?
3
What is the hundreds digit of 585498?
4
What is the thousands digit of 1270464?
0
What is the hundreds digit of 14329305?
3
What is the hundreds digit of 2348108?
1
What is the ten thousands digit of 782617?
8
What is the hundred thousands digit of 1872528?
8
What is the thousands digit of 29709964?
9
What is the hundreds digit of 2141962?
9
What is the thousands digit of 216117?
6
What is the millions digit of 20449736?
0
What is the units digit of 11915513?
3
What is the units digit of 120692?
2
What is the thousands digit of 12504641?
4
What is the thousands digit of 978238?
8
What is the units digit of 1716922?
2
What is the units digit of 245797?
7
What is the hundred thousands digit of 6621272?
6
What is the hundred thousands digit of 17353869?
3
What is the ten thousands digit of 7447951?
4
What is the tens digit of 1968397?
9
What is the thousands digit of 4281223?
1
What is the hundreds digit of 17797191?
1
What is the millions digit of 2096255?
2
What is the ten thousands digit of 58410?
5
What is the units digit of 244137?
7
What is the ten thousands digit of 26497102?
9
What is the units digit of 2031319?
9
What is the hundred thousands digit of 983986?
9
What is the thousands digit of 6268555?
8
What is the hundred thousands digit of 6483746?
4
What is the units digit of 15202?
2
What is the thousands digit of 787895?
7
What is the hundreds digit of 288735?
7
What is the tens digit of 38949?
4
What is the ten thousands digit of 7065540?
6
What is the thousands digit of 1975534?
5
What is the thousands digit of 2752585?
2
What is the hundred thousands digit of 3511720?
5
What is the tens digit of 974713?
1
What is the hundred thousands digit of 4582503?
5
What is the hundreds digit of 15900110?
1
What is the millions digit of 8228714?
8
What is the millions digit of 1901672?
1
What is the units digit of 4175421?
1
What is the tens digit of 225823?
2
What is the ten thousands digit of 458864?
5
What is the hundreds digit of 7634902?
9
What is the ten thousands digit of 8654275?
5
What is the hundred thousands digit of 606696?
6
What is the ten thousands digit of 19970788?
7
What is the millions digit of 1916152?
1
What is the millions digit of 2784035?
2
What is the tens digit of 24195947?
4
What is the hundred thousands digit of 726396?
7
What is the units digit of 9760033?
3
What is the thousands digit of 14195062?
5
What is the hundred thousands digit of 3164842?
1
What is the hundred thousands digit of 30636977?
6
What is the hundreds digit of 23669353?
3
What is the millions digit of 1433505?
1
What is the hundred thousands digit of 267505?
2
What is the hundred thousands digit of 7283899?
2
What is the millions digit of 15448663?
5
What is the tens digit of 9698691?
9
What is the thousands digit of 456786?
6
What is the hundreds digit of 2498560?
5
What is the ten thousands digit of 227144?
2
What is the units digit of 675984?
4
What is the ten thousands digit of 14348783?
4
What is the hundreds digit of 403635?
6
What is the ten thousands digit of 2290101?
9
What is the ten thousands digit of 1750135?
5
What is the ten millions digit of 34837887?
3
What is the thousands digit of 2588413?
8
What is the ten thousands digit of 1256457?
5
What is the ten thousands digit of 205979?
0
What is the hundreds digit of 4825896?
8
What is the ten millions digit of 28563564?
2
What is the ten thousands digit of 303713?
0
What is the tens digit of 3075310?
1
What is the hundreds digit of 3545965?
9
What is the thousands digit of 654269?
4
What is the ten thousands digit of 11047957?
4
What is the units digit of 166942?
2
What is the millions digit of 3450133?
3
What is the hundreds digit of 525745?
7
What is the ten thousands digit of 176729?
7
What is the hundreds digit of 908513?
5
What is the thousands digit of 2841462?
1
What is the hundred thousands digit of 4883390?
8
What is the thousands digit of 765718?
5
What is the ten thousands digit of 6467242?
6
What is the hundred thousands digit of 2569271?
5
What is the hundreds digit of 812646?
6
What is the tens digit of 273737?
3
What is the ten thousands digit of 237048?
3
What